is the remainder when u is divided by 22?
21
Suppose 3*r - 8 = -t, -3*r + 4*t = -6*r - 4. Let f(v) = -3 + v**2 + 3*v + 3*v - 2*v**2. Calculate the remainder when 13 is divided by f(r).
3
Let j be (-2)/(21/(-15) + 1). Suppose -n + j = -24. Suppose 2 = -3*w + 47. Calculate the remainder when n is divided by w.
14
Let s = 14 + 11. Calculate the remainder when s is divided by 13.
12
What is the remainder when 53 is divided by 16/12 + (-200)/(-12)?
17
Let q(t) = t**3 + 12*t**2 + 8*t + 14. Let k = 30 - 18. Calculate the remainder when q(-11) is divided by k.
11
Suppose -7*i + 235 = 3*c - 2*i, c = -5*i + 95. What is the remainder when c is divided by 6?
4
Let a(v) = 8*v - 1. Suppose 4*d = -2*h + 3*h + 9, 2*h - 8 = -5*d. What is the remainder when -1*(0 + -1) - -42 is divided by a(d)?
13
Let m = -173 - -96. Let f = 132 + m. Calculate the remainder when f is divided by 28.
27
Let r(v) = -3*v**2 - 3*v + 12. Let j be r(8). Let h = 136 + j. Let u = -31 - h. What is the remainder when u is divided by 13?
11
Suppose -5*w - u - 26 + 116 = 0, 0 = -3*w - 5*u + 54. What is the remainder when 3/(-1 + (-24)/(-22)) is divided by w?
15
Let a(u) = u**3 + 11*u**2 + 11*u - 4. What is the remainder when a(-8) is divided by 35?
30
Suppose 30 = 5*t - i + 6*i, 0 = -2*i - 2. Calculate the remainder when 22 is divided by t.
1
Suppose -24 = -2*x + 38. Let n(m) = m**2 - 2*m + 1. What is the remainder when x is divided by n(-3)?
15
Let i = -1 - -1. Suppose i = c - 5*c + 12. Suppose -5*w + 37 + 3 = 0. What is the remainder when w is divided by c?
2
Suppose 1 = 4*k + 17. Let i(q) = q + 6. Calculate the remainder when 6 is divided by i(k).
0
Suppose 15*y = -144 + 384. What is the remainder when 79 is divided by y?
15
Calculate the remainder when 114 is divided by 405/10 - (-6)/(-4).
36
Suppose -4*k + 137 = 21. Suppose 0 = 2*a + 9 + 3. Let o = a + k. Calculate the remainder when o is divided by 6.
5
Let k = -14 + 6. Let r(n) = -n**2 - 11*n - 5. Calculate the remainder when r(k) is divided by (8/10)/((-6)/(-75)).
9
Suppose 265 = 6*c - c. Suppose h = -0*h + c. Calculate the remainder when h is divided by 18.
17
Suppose -4*i - 8 = -2*n, 4*i - 2 - 2 = 5*n. Suppose 3*z - z = 20. Calculate the remainder when z is divided by ((-16)/4)/(n/6).
4
Suppose 0 = 3*a - 18 - 21. What is the remainder when 77 is divided by a?
12
Let j(d) = d**3 - d**2 - d + 1. Let r be j(2). Suppose -4*o + 15 = y, y - 5*y - r = -5*o. Calculate the remainder when y is divided by ((-3)/3)/(2/(-4)).
1
Suppose 4*y - 554 = -194. Calculate the remainder when y is divided by 23.
21
Let t = 20 - 17. Let w(a) = -2*a - 1. Let o be w(-2). Suppose -o*y + y + 14 = 2*j, 0 = j - 3*y + 13. Calculate the remainder when t is divided by j.
1
Let h(z) = -3*z - 11. Let j be h(-5). Let i be (3/(-2))/(1/10). Calculate the remainder when 30/j*(-10)/i is divided by 3.
2
Let r = -71 + 89. What is the remainder when 62 is divided by r?
8
Let n(o) = -17*o - 4. Let g be n(-2). Let y be 2/(-1)*7/1. Let v = g + y. What is the remainder when 30 is divided by v?
14
Let l(s) = -s**2 + 35*s - 47. Let d(f) = 4*f - 3. Let u be d(4). Let w = u + -8. Calculate the remainder when l(33) is divided by w.
4
Suppose -6*q = -q + 5. What is the remainder when 5 is divided by (-7 - -11) + q + 1?
1
Suppose 2*o - 2*a + 33 = a, 0 = 4*o + 4*a + 36. Calculate the remainder when 33 is divided by o*3*(-2)/4.
15
Let c = 0 + -3. Let f(x) = -x - 3. Let j be f(c). Suppose j = -4*m + 94 + 46. Calculate the remainder when m is divided by 18.
17
Let u(d) = d**2 - 3*d - 1. Let t be u(2). Let p = t - -45. What is the remainder when p is divided by 11?
9
Let q(i) = 2*i**2 - 10*i - 2. Let c = 33 - 19. Calculate the remainder when q(7) is divided by c.
12
Suppose -2*a - a - 48 = 0. What is the remainder when 2 + 2 + (0 - -10) is divided by (a + 0)*(-2)/4?
6
Let q be (-1)/((6/130)/(-3)). Suppose 4*p - q = -p. What is the remainder when 38 is divided by p?
12
Let g(l) = -l + 1 + 0 + 6*l**2 - 2*l. Suppose -26*i + 21*i + 10 = 0. What is the remainder when g(i) is divided by 7?
5
Let w(b) = -b**2 + b + 1. Let k be w(0). Let d = k + 18. Let y = -14 + 70. Calculate the remainder when y is divided by d.
18
Let i(w) = 40*w + 3. Calculate the remainder when i(2) is divided by (-129)/(-6) + (-1)/2.
20
Suppose 2*y - 64 + 4 = -b, -4*y - 42 = -b. Calculate the remainder when b is divided by 14.
12
Suppose -10 = 5*v, -2*v + 16 = 2*k - 3*v. What is the remainder when 7 is divided by k + 0 - (-2 - -4)?
2
Let x be (-6 - 8)/(-2*1). Let t(j) = j**2 - 2*j + 9. What is the remainder when t(x) is divided by 16?
12
Suppose -46 = -n - 5*f, n - 3*f + 6 = 60. Let v be ((0/(-1))/(-1))/2. Let x = 13 - v. Calculate the remainder when n is divided by x.
12
Let g(a) = 4 + 4*a**2 + a + 0*a + 0*a**2 - 3*a**2. Let r be g(0). Let f(v) = -v**3 + 3*v**2 + 4*v + 4. What is the remainder when 10 is divided by f(r)?
2
Suppose d + 4 = 9. Let b(j) = -j**2 + 5*j + 10. Calculate the remainder when b(d) is divided by 6.
4
Let s = 7 - 6. Let k = 32 - 18. Calculate the remainder when k is divided by 1/s + 1 + 3.
4
Suppose 0 = -2*n + 5 - 19. Let d(u) = -u**2 - 8*u + 7. What is the remainder when 55 is divided by d(n)?
13
Suppose -3*j = -14*j + 187. Calculate the remainder when 118 is divided by j.
16
Suppose 0*z = 4*z - 136. What is the remainder when 167 is divided by z?
31
Let v = -3 - -8. Calculate the remainder when 19 is divided by v.
4
Let g = 64 + -50. Calculate the remainder when 41 is divided by g.
13
Suppose -37 = -2*w - 5*v, w + v = -v + 17. Suppose -w*r + 574 = -4*r. What is the remainder when r is divided by 12?
10
Let i be 6/(-5)*(-10)/(-3). Suppose -2*p + 5*w + 33 = 0, -2*p - 2*p - 4*w - 4 = 0. What is the remainder when (i/6)/(4/(-66)) is divided by p?
3
Let r be -1*(1 + -2)/1. Suppose -r = i - 6. Calculate the remainder when 33/2 + (-1)/(-2) is divided by i.
2
Let q be 78/15 + (-1)/5. Suppose 5*c = -q*d - 15, 0*d = -d - 5. Calculate the remainder when 2 is divided by c.
0
Suppose -5*x - 3*t = -163, -2*x - 5*t = -2*t - 67. What is the remainder when 95 is divided by x?
31
Let m(l) = l + 27. Let a be m(0). Suppose -c - 4*y = -0*c - 26, 2*c = -3*y + a. Calculate the remainder when 18 - ((-4)/(-2) - 1) is divided by c.
5
Let y = -64 + 73. Calculate the remainder when 53 is divided by y.
8
Let w = -28 + 34. Let h = 0 + 2. Calculate the remainder when w is divided by h.
0
Suppose -u = -5*u + 64. What is the remainder when 47 is divided by u?
15
What is the remainder when 6/(-10) + (-99)/(-15) is divided by 4?
2
Let z(u) be the first derivative of -u**3/3 + 4*u**2 + 7*u + 5. What is the remainder when 35 is divided by z(6)?
16
Suppose b = 3*b - 10. Suppose -4*k = -16, -3 = 2*n - b*k + 1. Suppose 2*d = 5*d - 66. Calculate the remainder when d is divided by n.
6
Let m(z) = -z - 1. Let s be m(-4). Calculate the remainder when (7/3 + 0)*s is divided by 3.
1
Let x(i) = -2*i + 3. Let b be x(2). Calculate the remainder when 59 is divided by (-2 - 8)/(b/2).
19
What is the remainder when (-4)/18 - 11305/(-45) is divided by 42?
41
Calculate the remainder when ((-40)/15 - -3)*183 is divided by 8.
5
What is the remainder when 44 is divided by ((-96)/(-20))/(-3)*-10?
12
Suppose 0*s = 4*s - 132. Calculate the remainder when s is divided by 9.
6
Let z(j) = j**3 - 8*j**2 + 8*j - 5. Let i be z(7). Suppose -68 = -i*l - 2*l. Calculate the remainder when l is divided by 10.
7
Suppose -4 = -r, -t + 17 = -0*t + 3*r. Suppose -t*u + 14 = m - 33, u = -m + 11. Calculate the remainder when 60 is divided by u.
6
Suppose -4*o + 72 = -3*o - w, w + 4 = 0. What is the remainder when o is divided by 25?
18
Suppose -u = -2*o + 534, -398 = -o - 5*u - 131. Suppose -4*c + 225 + o = 0. What is the remainder when c/9 + (-1)/(-3) is divided by 5?
4
Let x(o) = o + 26. Let k = 0 + -12. Calculate the remainder when x(k) is divided by 5.
4
Suppose -4*r + 3*r - 5*s + 43 = 0, r - 43 = 5*s. Let i = r - 0. What is the remainder when i is divided by 22?
21
Suppose 15*a + 32 = 19*a. What is the remainder when 26 is divided by 333/36 - 2/a?
8
Suppose t - 182 = 67. Let v = 378 - t. Suppose 50 = i + 2*z - 3*z, 3*i = -4*z + v. Calculate the remainder when i is divided by 16.
15
Suppose -28 + 88 = 3*i. Suppose 0 = -3*r - 4*k + 20, -5*k = r - 5*r - 25. Suppose r = y 